92. What are the prime factors of x?
5, 79
Let m be (14/4)/(11/22). Let p be m/3 - (-2)/3. Suppose l + l + 12 = p*d, 4*d + 2*l - 2 = 0. List the prime factors of d.
2
Suppose 2*y + 0*y = 0. Suppose y*a = -3*r - 3*a + 285, -4*a = -4*r + 356. What are the prime factors of r?
2, 23
Suppose 2 = -4*f + 6. Let a be f - 2/((-4)/(-42)). List the prime factors of (-2)/(-8) + (-375)/a.
19
Suppose -3*j + 28 = -4*n + 7, -9 = j + 4*n. Suppose -612 = -4*p + 4*c, 5*c + 30 = j*p - 427. List the prime factors of p.
2, 7, 11
Let r = -2081 - -3681. List the prime factors of r.
2, 5
What are the prime factors of 84/126 - (-28929)/9?
5, 643
Suppose 0 = 5*t, -7*i - 135 = -2*i - t. Let q = 142 + i. List the prime factors of q.
5, 23
Let w(y) = y - 3. Let c be w(2). Let b = c + -39. Let n = -29 - b. What are the prime factors of n?
11
Suppose -b = -5*i - 1757, -6*i = 3*b - i - 5351. What are the prime factors of b?
1777
Let d(r) be the second derivative of 23*r**4/12 - r**3/3 - r**2 + 7*r. Suppose 11*u - 7*u = -4. List the prime factors of d(u).
23
Let q be ((-7)/3)/(1/(-3)). Suppose 0 = 2*g + q - 3. List the prime factors of 1 + 0/g + 1.
2
Suppose z = -11*i + 16*i - 2029, -3*z = 2*i - 815. What are the prime factors of i?
2, 7, 29
Let i(o) = o**3 + 12*o**2 - 6*o - 10. Let s be i(-12). Let v = 126 - s. What are the prime factors of v?
2
Let x = -1320 - -2021. What are the prime factors of x?
701
Let j = 20 - 18. List the prime factors of (j*1737/72)/(1/4).
193
Suppose 12*f - 7*f = 35. Suppose f*s - 120 = 4*s. List the prime factors of s.
2, 5
Suppose -2 = -5*u + 128. Suppose 4*b + 8 = 5*l, -2*l - u = -7*l - 2*b. Suppose 4*r = 2*f - 16, -r - 24 = -l*f + f. What are the prime factors of f?
2
Suppose 2*g - 4*g = -112. Suppose -4*x - l - g = -233, 3*l + 54 = x. List the prime factors of x.
3, 5
What are the prime factors of -3 + 4 - ((-2514)/6 + 0)?
2, 3, 5, 7
Let t = 879 - 472. List the prime factors of t.
11, 37
Suppose -7*w = -912 + 247. Suppose -18*q = -17*q - w. List the prime factors of q.
5, 19
Suppose -8*w - 18 - 190 = 0. Let u = w + 67. List the prime factors of u.
41
Suppose 19*k + 5103 - 15268 = 0. List the prime factors of k.
5, 107
Let s(f) = 3*f - 16. Let q be s(7). Let t = 7 - q. Suppose -3*k = -214 - t. What are the prime factors of k?
2, 3
Let m(f) = 2*f + 8. Let z be m(-2). Suppose -4*q + 18 = 2. Suppose -2*k - 62 = -q*k + t, z*k + t = 130. List the prime factors of k.
2
Suppose -4*f = -10*f + 18. Suppose -2608 = -13*t - f*t. What are the prime factors of t?
163
Let v(s) = 12*s**2 + 34*s + 31. List the prime factors of v(-14).
1907
Let f(a) be the third derivative of 0*a + 0 - 3*a**2 + 1/3*a**3 + 1/6*a**4. List the prime factors of f(5).
2, 11
Suppose -16*m + 1850 = -3094. List the prime factors of m.
3, 103
Suppose 0 = 5*r - 14 - 1. Let u be -2 + (-3)/(r + 0). List the prime factors of (u/6)/((-3)/72).
2, 3
Suppose -2 = 4*b - 2*w, 0*w + 2*w = 2. Suppose b*k - 4*k + 16 = 4*s, 0 = -3*k. Suppose -s*g + 4*n + 43 = -137, -5*n = -4*g + 180. List the prime factors of g.
3, 5
What are the prime factors of (-8)/(120/(-45)) - (0 + -867)?
2, 3, 5, 29
Suppose -3*q = -5*q - 40. Let b be q/((-4)/24*-4). Let v = b - -50. List the prime factors of v.
2, 5
Let m = -29 + 41. List the prime factors of (-45)/(-3)*(-4 - (-52)/m).
5
Suppose -43*v + 2*m = -46*v + 11339, 0 = 5*v - 4*m - 18891. List the prime factors of v.
3779
Let v be 34 - (4 - 0)/(-2). Let x = -20 - -28. List the prime factors of (-1)/(-2) + v/x.
5
Let h(v) = -90*v + 20. What are the prime factors of h(-5)?
2, 5, 47
Suppose 297 = -10*t - 903. Let m = t - -232. What are the prime factors of m?
2, 7
Let k be (0 + -1)/(8/(-1272)). What are the prime factors of (-5)/(((-15)/k)/5)?
5, 53
Let g(x) = 87*x - 293. List the prime factors of g(5).
2, 71
Let u = 16 - 12. Suppose 0 = 2*k + 3*w - 14 - 26, -u = -w. Suppose k*g - 26 = 13*g. What are the prime factors of g?
2, 13
Let i = 439 - 229. List the prime factors of i.
2, 3, 5, 7
Let u = 225 - -84. What are the prime factors of u?
3, 103
Suppose -55*k = -9*k - 47794. List the prime factors of k.
1039
Let b = -12 + 14. Suppose 4*a - b*a + 2 = 0, 0 = -5*n - 3*a - 18. List the prime factors of 22 - (n - -5 - -1).
19
Suppose 0 = r - 1 - 2. Suppose -l + r*a = -0 - 79, 5*a + 75 = l. What are the prime factors of l?
5, 17
Suppose 2633 = 6*d + 137. What are the prime factors of d?
2, 13
What are the prime factors of -157*(3 - (-4)/(-1))?
157
Let v(z) = -z - 9. Let p be v(-12). Suppose 86 = p*m - 49. What are the prime factors of m?
3, 5
Suppose h = 4*h - 3*a - 213, -5*a + 221 = 3*h. What are the prime factors of (3 - 0)/(6/h)?
2, 3
Let w(u) = u**3 + 3*u**2 - 6*u - 6. Let r be w(-4). Suppose 56 = 5*i + 2*n, -r*i + i + 18 = -3*n. List the prime factors of i.
2, 3
Let m = 487 - -899. What are the prime factors of m?
2, 3, 7, 11
Suppose -13 + 28 = 3*b. Suppose -5*s + 762 = 4*c - 59, 1060 = b*c - 5*s. What are the prime factors of c?
11, 19
Let f be (-348)/(-10)*(75/(-6))/(-5). Let q = f + 1. List the prime factors of q.
2, 11
Let u be (36/(-7))/((-6)/(-42)). List the prime factors of 4/18 - 1/(u/3664).
2, 3, 17
Let k = -527 - -799. Suppose -5*r + 209 = -2*r + 2*p, k = 4*r + 4*p. What are the prime factors of r?
73
Let t(i) = -12*i + i**3 + 0*i + 5*i**2 + 4*i**2 - 8. Let m be 340/(-35) - 2/7. What are the prime factors of t(m)?
2, 3
What are the prime factors of ((-8)/(-6))/((-36)/(-25569))?
947
Let s(h) = 1061*h**2 - 8*h + 3. List the prime factors of s(2).
4231
Let p = 37 - 35. Suppose t - 5*y = 4*t - 160, 75 = p*t - 3*y. What are the prime factors of t?
3, 5
Suppose 0*d - 2*w = -d - 4, d + 1 = w. Let a(p) = p - 2. Let i be a(d). Suppose i = 3*k - 6*k + 87. What are the prime factors of k?
29
Let t(j) = j + 5. Let x be t(0). Suppose x*g - 6*g = -32. List the prime factors of g.
2
Suppose -4*m - 2*j + 2378 = 0, 2*m + 0*m = -2*j + 1186. What are the prime factors of m?
2, 149
Let u(x) = x**2 + 12. Let w be u(0). Suppose 0*m - 3*l = m - 36, 0 = -4*m + l + 79. Let p = m + w. List the prime factors of p.
3, 11
Let u = 2193 - 920. What are the prime factors of u?
19, 67
List the prime factors of -2 + (-2 - -1) + 1981512/377.
3, 17, 103
Suppose 19*a - 29*a = -1370. What are the prime factors of a?
137
Let s be (5 - 1) + 0/1. Suppose -3*w + s*y = -5*w - 24, -y - 24 = 5*w. Let z = 12 - w. What are the prime factors of z?
2
Suppose 0 = 3*r - 6*r. Suppose -f + 7 - 5 = r. Suppose 64 = -0*m + f*m. List the prime factors of m.
2
Suppose 3*p = -p + 60. Let z = p + -10. What are the prime factors of z?
5
Suppose -42 = a - 197. Let q = a + -83. List the prime factors of q.
2, 3
Let k(a) = -53*a + 82. What are the prime factors of k(-14)?
2, 103
Suppose 66*v = 72*v - 1356. What are the prime factors of v?
2, 113
Suppose 6 = 3*a - 0. Suppose -34 + 136 = a*b. List the prime factors of b.
3, 17
Let w(n) be the third derivative of n**6/120 + n**5/5 + 3*n**4/8 + 13*n**3/6 - 4*n**2. Let i be w(-11). Let r = i + -20. List the prime factors of r.
3, 5
Let k be ((-2)/4)/(6/180). Let z(i) = -i**3 - 15*i**2 - 13*i - 16. What are the prime factors of z(k)?
179
Let k = -78 - -80. Suppose -k*j - 59 = -4*j - 3*b, -2*j + 5*b + 19 = 0. What are the prime factors of j?
2, 11
What are the prime factors of ((-2)/(-4))/(27/18846)?
349
Let q(z) = 157*z + 265. List the prime factors of q(12).
7, 307
Suppose -6*n = -n + 45. Let d be 5 + 2*n/6. What are the prime factors of d*(3 - (-1)/2)?
7
Suppose -2*s + 3*s - 55 = 0. List the prime factors of -2 - 9/(-3)*s.
163
Let k(d) = d**2 - 9*d + 10. Let x be k(8). Let f(q) = 31*q + 7. What are the prime factors of f(x)?
3, 23
Let v(x) = -x**2 - 6*x + 18. Let b be v(-8). Suppose 161 = 3*c + 5. Suppose -4 = b*j - c. What are the prime factors of j?
2, 3
Suppose -m - 3 = 0, 0 = 3*o + m - 216 + 39. List the prime factors of o.
2, 3, 5
Let p = 2117 - 1446. List the prime factors of p.
11, 61
List the prime factors of 10 - 3138/(-3 - -1).
1579
Let f(p) be the first derivative of p**4/4 - 2*p**3 + 3*p**2/2 + 8*p + 4. Let s(y) = 4*y - 2. Let a be s(2). What are the prime factors of f(a)?
2, 13
Let h(m) = m**2 - m + 34. Suppose 0 = -3*t - 2*t. Let g be h(t). Let f = g - 24. List the prime factors of f.
2, 5
What are the prime factors of -1 + 306 + 1 + 0/442?
2, 3, 17
Let h(w) = 7*